 = -2*l - d*l. Calculate the remainder when l is divided by a(8).
6
Let g(x) be the second derivative of 4*x**3 - 77*x**2/2 - 56*x. What is the remainder when g(12) is divided by 71?
69
Let k = -8978 + 8990. Let y = -3 - -6. Calculate the remainder when k is divided by y.
0
Let k = -529 + 299. What is the remainder when k/92*284*4/(-10) is divided by 24?
20
Suppose 2*g - 14 = -2. Let f = 198 - 179. Calculate the remainder when -22*(-3)/g*(f - 3) is divided by 45.
41
Let d be 20/(4/(2 + -6)). Let a = 3 + d. Let q = a - -38. What is the remainder when 83 is divided by q?
20
Suppose 2*a = -24*u + 26*u + 8, 2*a - 6 = 0. Calculate the remainder when 11 + 8/(-8) + u + 0 is divided by 3.
0
Let s be (-39)/(-12) - (-2)/(-8). Suppose 2*l - 140 = -s*l. Let w(h) = -h**2 - 3*h + 165. Calculate the remainder when l is divided by w(11).
6
Suppose -x + 35 = -20. Let d be (167 + -163)*(1 + 103/4). Suppose -9*p + 1 = -d. Calculate the remainder when x is divided by p.
7
Let j(q) = 3*q**2 + 19*q + 84. Calculate the remainder when 774 is divided by j(-6).
72
Suppose -3*f = -3*o + 447, 427 = 3*o + 2*f - f. Let s = 178 - o. Calculate the remainder when 203 is divided by s.
33
Suppose -53*t + 12*t + 1476 = 0. Let h(a) = 4*a**2 + 9 - 3*a**3 + 5*a**3 - a**3 - a. What is the remainder when t is divided by h(-4)?
10
Let m(k) = -10*k + 2. Suppose -35*v + 5*i = -31*v - 89, i + 75 = 3*v. Calculate the remainder when v is divided by m(-2).
4
Suppose -22*k - w + 187 = -10*k, 3*w + 15 = 0. What is the remainder when 198 is divided by k?
6
Let n(s) = s**3 - 3*s**2 - 7*s + 5. Suppose -3*z = -38 - 298. What is the remainder when (-8 - -7)/((-2)/z) is divided by n(5)?
16
Let g = 4586 - 4558. What is the remainder when 574 is divided by g?
14
Let x be 8/10 - 5577/65. Let c = 85 + x. What is the remainder when 7 is divided by -3 + 28/(4 - c)?
3
Suppose 3*l = -y + 4699, 4*l - 5802 = 5*y + 419. Calculate the remainder when l is divided by 32.
28
Let j(d) = -d - 1. Let b(n) = -11*n - 24. Let i(l) = -b(l) + 5*j(l). Let t be i(-12). Let g = 158 + t. Calculate the remainder when g is divided by 27.
24
Suppose 7*y - 8*y = -23. Calculate the remainder when 735 is divided by y.
22
Suppose -4*o + 142 = -58. Let h = o - 12. What is the remainder when h is divided by 91/4 - 6/8?
16
Let p(v) = -411*v + 323. Let w be p(-5). Suppose -29*g = 12*g - w. Calculate the remainder when 283 is divided by g.
51
Suppose -29*z = -33*z - x + 430, 0 = z - x - 110. What is the remainder when 119 is divided by z?
11
Suppose -5*z + 40 = 20. Suppose 5 + 13 = 5*p + z*s, -3*s = 5*p - 21. Calculate the remainder when 13 is divided by p.
1
Suppose -13207*m + 13250*m = 48719. What is the remainder when m is divided by 23?
6
Suppose -4*f + 18 = 5*f. Suppose -f*u + 13 = 3. Suppose 5*c - 404 = 4*y, -18 = -2*c - u*y + 137. Calculate the remainder when c is divided by 28.
24
Suppose -85418 + 2365 = -62*i - 12745. Calculate the remainder when i is divided by 225.
9
Let j = 7604 + -6967. What is the remainder when j is divided by 59?
47
Let j(b) = 9*b + 49. Let y(q) = 20*q - 9. Let z be y(1). Calculate the remainder when j(z) is divided by 51.
46
Let q(b) = b**3 - 39*b**2 + 239*b - 65. What is the remainder when q(32) is divided by 108?
91
Let o = 7650 - 7551. What is the remainder when 3263 is divided by o?
95
Suppose t - 38 = -1. Let a = -7490 - -7578. What is the remainder when a is divided by t?
14
Let q = 217 + -220. Calculate the remainder when (451/(-33))/(q/9) is divided by 16.
9
Let m = -82 - -101. Calculate the remainder when (-4 - (2 - 96)) + 3 is divided by m.
17
Let j(i) = -i**2 - 6*i + 41. Let u(z) = -2*z**3 + 15*z**2 - 8*z + 7. Let l be u(7). What is the remainder when 84 is divided by j(l)?
2
Let a = 5028 + -4971. What is the remainder when 4556 is divided by a?
53
Let v = -422 + 172. Let h = v + 270. Calculate the remainder when h is divided by 8.
4
Suppose -4*z = 21*p - 20*p - 64, -3*z = 3*p - 174. Suppose -50 = -b + 5*h + 12, -4*h - 200 = -4*b. Calculate the remainder when p is divided by b.
9
Let q(h) = 138*h - 1678. Calculate the remainder when q(20) is divided by 107.
12
Let p(c) = 4*c**2 - 3*c. Suppose -35*h + 37*h - 8 = 5*i, 0 = -4*i + 4*h - 4. Calculate the remainder when 80 is divided by p(i).
14
Suppose 4*p = -5*g + 56, -g + 4*p + 51 - 59 = 0. Suppose g*t - 141 = -109. Calculate the remainder when 171 is divided by t.
3
Let n(a) = -2*a**3 - 7*a**2 + 3*a + 7. Suppose -2*k = -4*k + 240. Suppose -28*y = -31*y + k. What is the remainder when y is divided by n(-4)?
7
Let c = 32653 + -32394. What is the remainder when c is divided by 26?
25
Suppose 2*l + 18*a - 22*a = 1496, 3734 = 5*l - 4*a. Let s = l + -671. What is the remainder when 173 is divided by s?
23
Let k = 248 - 147. Let y = 339 + -280. Calculate the remainder when k is divided by y.
42
Let b = -30 - -35. Calculate the remainder when (b + -10 - -15) + 1 + -3 is divided by (6/(-30) - 12/(-10)) + 1.
0
Let f(u) = 14*u**2 + 83*u + 749. What is the remainder when f(-9) is divided by 273?
44
Suppose -541 = -159*c + 3997 + 14224. What is the remainder when 458 is divided by c?
104
Let b = 56 + -53. Suppose 14*o = b*o + 176. What is the remainder when -2 + 1722/27 + 14/63 is divided by o?
14
Let o be (-4 - (6 - 11)) + (0 - 2). Let n = 5 + 6. Calculate the remainder when ((-11)/33)/(o/57) is divided by n.
8
Let k = -30 + 15. Let s = k - -56. What is the remainder when s is divided by (1/(-3))/(2/(-90) - 0)?
11
Suppose -4*z - 3*d + 83 = 0, 5*d + 241 - 206 = 0. What is the remainder when 259 is divided by z?
25
Let k be -2 + -1 + 9 + -1. Let b(i) = 8*i + 12. Let v(f) = 37*f**2 - 15*f + 34. What is the remainder when v(2) is divided by b(k)?
48
Suppose 0 = -4*r - 75 - 97. Let g be -1 + (-7 + 4 - r). Suppose 0 = -38*z + 41*z - g. Calculate the remainder when 24 is divided by z.
11
Let u(o) = 148*o - 1305. Calculate the remainder when 156 is divided by u(9).
21
Suppose 0 = b - f + 17, f - 5*f = b - 8. Let r = -3 - b. Suppose 4*j + 7 = 2*h - 11, -3*j + r = 0. What is the remainder when 118 is divided by h?
13
Suppose -218 = 5*n - 5*d + 102, -3*n = -2*d + 191. Calculate the remainder when (-177 - -3)*(n/14 + 4) is divided by 22.
21
Let h = 2239 - 2144. What is the remainder when 472 is divided by h?
92
Let q = 25 - 10. Suppose 5*o - 30 = -10. Suppose t = o + 55. Calculate the remainder when t is divided by q.
14
Let g = -106 + 111. Suppose -g*s + 380 = -2*i, -2*i = 3*s - 176 - 36. Let j = 101 - s. What is the remainder when 48 is divided by j?
21
Let t be (-2*(-3)/(-10))/(4/(-780)). Let m = -13 + t. Let u = -91 + m. What is the remainder when 103 is divided by u?
12
Suppose -146*q + 345 = -4619. Calculate the remainder when 7173 is divided by q.
33
What is the remainder when (1*-37)/(((-4)/6)/(17304/63)) is divided by 21?
19
Let g = 300 + -183. Let d = 87 + -70. What is the remainder when g is divided by d?
15
Let q(h) = h**3 + 10*h**2 + 2*h + 13. Calculate the remainder when (384 - 0)/(1/(10/15)) is divided by q(-9).
28
Suppose -476*c = -466*c + 1160. Let t = c - -132. What is the remainder when 157 is divided by t?
13
Let h = 25 - 6. Suppose -68*y + 90*y - 9424 = 8506. Calculate the remainder when y is divided by h.
17
Calculate the remainder when 8133 is divided by (36/7)/(31/217).
33
Let l be 7*(12/(-42) - 0). What is the remainder when 151 is divided by (35/21 - -2)*(-6)/l?
8
Let x be 1 - 4 - 10/(-5). Calculate the remainder when 99 is divided by ((-290)/203)/(x/7).
9
Let x(b) = -8*b + 206. Let g be x(24). Suppose -g*d - 84 = -938. What is the remainder when 238 is divided by d?
55
Suppose 3*i - 32*h = -37*h + 1754, 3*h = i - 580. Calculate the remainder when i is divided by 14.
9
Let o = 9 - 4. Suppose o*b + 106 = -319. What is the remainder when 12 is divided by (-1)/4 - b/20?
0
Suppose 0 = -2*b + 218 - 208. Suppose o = s - 33, -b*s - 3*o - o = -165. Calculate the remainder when 161 is divided by s.
29
Let n(k) = 6*k**2 - k + 8. Let r be ((-39)/1)/((-2 - 0) + 1). Let h = r + -42. What is the remainder when n(h) is divided by 24?
17
Let d = 59 - -15. Calculate the remainder when d is divided by -12 - (4 + (9 + -38 - 7)).
14
Suppose 4*x = -z + 456, -217 = -2*x - z + 9. What is the remainder when x is divided by 2*((-261)/6)/(-3)?
28
Let s = 1002 + -